hest common factor of 826 and 184905469.
413
What is the highest common factor of 1668 and 8590756?
556
Calculate the highest common factor of 64 and 530645904.
16
What is the highest common factor of 43338279 and 2139?
2139
What is the highest common divisor of 70 and 2555021?
7
What is the greatest common divisor of 133 and 116194291?
19
Calculate the greatest common divisor of 969838848 and 88.
88
What is the highest common factor of 64002 and 2766?
6
What is the greatest common factor of 1215 and 2092005?
45
What is the highest common divisor of 64520892 and 24?
12
What is the greatest common factor of 6204595 and 16550?
1655
Calculate the highest common divisor of 2529452 and 12.
4
Calculate the greatest common divisor of 5616185 and 97585.
3365
What is the greatest common divisor of 826136119 and 631?
631
Calculate the highest common factor of 10864 and 6216245.
679
What is the highest common factor of 1716 and 260972998?
286
What is the greatest common divisor of 39560589 and 10947?
267
What is the greatest common divisor of 4030 and 17311330?
310
Calculate the greatest common divisor of 599788 and 18.
2
What is the highest common divisor of 3922 and 404030713?
1961
What is the highest common factor of 19710 and 16013280?
2190
Calculate the highest common divisor of 292735287 and 63.
9
What is the highest common factor of 6288 and 435837?
393
What is the greatest common factor of 25432 and 312609?
11
What is the highest common factor of 632 and 79474?
158
What is the greatest common divisor of 272 and 2893892?
4
Calculate the highest common divisor of 99597 and 87.
3
Calculate the highest common divisor of 2107 and 1875359.
43
Calculate the highest common factor of 3720 and 811425.
465
Calculate the highest common factor of 5289 and 3642276.
123
Calculate the greatest common factor of 29491964 and 948.
316
Calculate the highest common factor of 111533789 and 5678.
167
What is the greatest common factor of 124292060 and 1780?
1780
Calculate the highest common divisor of 610013 and 893.
47
Calculate the greatest common divisor of 1119510260 and 11.
11
Calculate the highest common factor of 36806125 and 60145.
2615
What is the highest common factor of 36083871 and 9?
9
What is the highest common divisor of 3345379 and 307?
307
What is the greatest common factor of 2963099 and 10940?
547
What is the highest common divisor of 238 and 51976939?
119
What is the highest common factor of 23839 and 2054768?
769
Calculate the greatest common divisor of 102553107 and 282.
141
What is the highest common divisor of 97318 and 1462331?
2561
What is the greatest common divisor of 16234656 and 8?
8
Calculate the highest common factor of 205740645 and 3190.
1595
Calculate the greatest common factor of 3213 and 46594008.
459
What is the greatest common divisor of 472323 and 584685?
183
Calculate the highest common factor of 13655 and 9430.
5
Calculate the greatest common factor of 89996796 and 18.
18
What is the highest common divisor of 30271621 and 87?
29
What is the highest common factor of 159 and 2998572?
3
Calculate the highest common divisor of 1645878474 and 186.
186
Calculate the greatest common divisor of 1314830 and 88.
22
What is the highest common divisor of 735 and 48830019?
147
Calculate the greatest common divisor of 43406 and 80806.
22
Calculate the highest common divisor of 1204905 and 15605148.
6513
What is the greatest common factor of 16 and 928359640?
8
What is the highest common divisor of 10677441 and 286052?
5501
What is the greatest common factor of 328 and 548914232?
328
What is the greatest common factor of 163848423 and 5084?
1271
What is the highest common divisor of 2529781 and 16023?
109
What is the greatest common factor of 396054416 and 16?
16
Calculate the highest common factor of 2167009 and 52.
13
What is the highest common divisor of 368421852 and 30?
6
Calculate the greatest common divisor of 35 and 4631.
1
Calculate the highest common factor of 7338510 and 872589.
3651
What is the highest common divisor of 203510 and 446856?
866
What is the greatest common divisor of 3309 and 1752178371?
3309
Calculate the greatest common divisor of 1831030 and 44365.
95
Calculate the highest common factor of 3684 and 373467342.
1842
What is the highest common divisor of 100974 and 4542?
6
What is the highest common factor of 32 and 26931064?
8
Calculate the greatest common factor of 198 and 43837134.
66
What is the greatest common factor of 5061 and 10743?
3
What is the greatest common divisor of 27068218 and 856?
214
What is the greatest common factor of 77384055 and 1?
1
What is the highest common factor of 675 and 7633300?
25
What is the greatest common divisor of 103 and 1146711051?
103
What is the greatest common divisor of 16604 and 8242700?
2372
What is the greatest common factor of 17960 and 22810?
10
Calculate the highest common divisor of 338454000 and 39600.
3600
What is the greatest common divisor of 6410348 and 1074?
358
Calculate the greatest common factor of 1513320 and 80.
40
What is the greatest common divisor of 46 and 5371029?
23
What is the greatest common divisor of 182 and 780958?
2
Calculate the highest common divisor of 53585756 and 4452.
1484
Calculate the highest common factor of 12 and 22294362.
6
What is the greatest common divisor of 53803 and 67989?
173
What is the greatest common factor of 306048 and 8515148?
3188
What is the greatest common divisor of 1981025 and 50?
25
Calculate the greatest common factor of 1716264 and 88650.
3546
Calculate the greatest common divisor of 668 and 167471608.
668
What is the greatest common factor of 15731680 and 3680?
160
Calculate the highest common divisor of 3579624 and 1392408.
5976
Calculate the greatest common divisor of 8989250 and 3854.
82
Calculate the highest common factor of 39571314 and 1968.
246
What is the highest common divisor of 135178539 and 1545?
309
Calculate the highest common divisor of 157388 and 25480.
196
Calculate the highest common factor of 617253 and 2067.
39
What is the highest common divisor of 1785 and 47047449?
51
Calculate the greatest common factor of 847 and 51261.
7
What is the greatest common factor of 4174979 and 3128?
17
Calculate the greatest common divisor of 1044047 and 1696.
53
What is the greatest common divisor of 667303 and 39?
13
Calculate the highest common divisor of 71903 and 21853.
13
Calculate the greatest common divisor of 8910 and 102656070.
990
What is the highest common factor of 14777304 and 456?
24
What is the greatest common factor of 3616938 and 3380?
338
Calculate the greatest common factor of 190392306 and 111.
111
Calculate the highest common factor of 5428 and 6726649.
1357
Calculate the highest common factor of 339403 and 3104.
97
What is the highest common factor of 29803892 and 1832?
916
What is the highest common factor of 3315045 and 33855?
915
What is the greatest common factor of 27 and 2115585?
27
Calculate the greatest common factor of 1683929 and 10322.
13
What is the highest common divisor of 18995 and 116944617?
3799
Calculate the highest common factor of 3652 and 2174932.
332
What is the highest common divisor of 40923654 and 1398?
1398
Calculate the highest common factor of 909 and 659457.
9
What is the greatest common factor of 68192 and 3712?
32
What is the greatest common factor of 1648575840 and 60?
60
Calculate the greatest common divisor of 5011236 and 369.
9
Calculate the greatest common divisor of 3332 and 816935.
119
Calculate the greatest common factor of 424278 and 611874.
486
Calculate the highest common factor of 1859920 and 12395.
335
Calculate the greatest common divisor of 3758466 and 456.
114
What is the greatest common factor of 13201325 and 50?
25
Calculate the highest common factor of 83809 and 97493.
11
Calculate the highest common factor of 35838186 and 1104.
138
Calculate the highest common divisor of 5948 and 55612313.
1487
Calculate the greatest common factor of 1790396 and 1454992.
4724
Calculate the highest common divisor of 528 and 11138908.
44
Calculate the highest common divisor of 3420 and 68704.
76
Calculate the highest common divisor of 48650574 and 23142.
1218
What is the highest common divisor of 5 and 1994920?
5
Calculate the greatest common divisor 